{"id":298,"date":"2017-06-02T15:03:09","date_gmt":"2017-06-02T18:03:09","guid":{"rendered":"https:\/\/www.formedical.com.br\/novo\/?page_id=298"},"modified":"2025-10-23T09:04:24","modified_gmt":"2025-10-23T12:04:24","slug":"equipamentos-medicos-hospitalares-formedical","status":"publish","type":"page","link":"https:\/\/www.formedical.com.br\/novo\/equipamentos-medicos-hospitalares-formedical\/","title":{"rendered":"Linha de Equipamentos M\u00e9dicos Hospitalares e Veterin\u00e1rio"},"content":{"rendered":"\t\t<div data-elementor-type=\"wp-page\" data-elementor-id=\"298\" class=\"elementor elementor-298\">\n\t\t\t\t\t\t<section class=\"elementor-section elementor-top-section elementor-element elementor-element-99bc8b1 elementor-section-boxed elementor-section-height-default elementor-section-height-default\" data-id=\"99bc8b1\" data-element_type=\"section\" data-e-type=\"section\">\n\t\t\t\t\t\t<div class=\"elementor-container elementor-column-gap-default\">\n\t\t\t\t\t<div class=\"elementor-column elementor-col-100 elementor-top-column elementor-element elementor-element-1fb2719\" data-id=\"1fb2719\" data-element_type=\"column\" data-e-type=\"column\">\n\t\t\t<div class=\"elementor-widget-wrap elementor-element-populated\">\n\t\t\t\t\t\t<div class=\"elementor-element elementor-element-1236bf2 elementor-widget elementor-widget-text-editor\" data-id=\"1236bf2\" data-element_type=\"widget\" data-e-type=\"widget\" data-widget_type=\"text-editor.default\">\n\t\t\t\t<div class=\"elementor-widget-container\">\n\t\t\t\t\t\t\t\t\t<p>A For Medical est\u00e1 h\u00e1 <b>3 d\u00e9cadas&nbsp;<span style=\"font-size: 18px; color: var( --e-global-color-text ); font-family: var( --e-global-typography-text-font-family ), Sans-serif;\">comercializando<\/span><\/b><span style=\"font-size: 18px; color: var( --e-global-color-text ); font-family: var( --e-global-typography-text-font-family ), Sans-serif; font-weight: var( --e-global-typography-text-font-weight );\"> as <\/span><span style=\"font-size: 18px; color: var( --e-global-color-text ); font-family: var( --e-global-typography-text-font-family ), Sans-serif;\"><b>Melhores Marcas de Equipamentos<\/b><\/span><span style=\"font-size: 18px; color: var( --e-global-color-text ); font-family: var( --e-global-typography-text-font-family ), Sans-serif; font-weight: var( --e-global-typography-text-font-weight );\"> M\u00e9dicos Hospitalares e \u00e9 tamb\u00e9m&nbsp;<\/span><span style=\"font-size: 18px; color: var( --e-global-color-text ); font-family: var( --e-global-typography-text-font-family ), Sans-serif;\"><b>pioneira<\/b><\/span><span style=\"font-size: 18px; color: var( --e-global-color-text ); font-family: var( --e-global-typography-text-font-family ), Sans-serif; font-weight: var( --e-global-typography-text-font-weight );\"> em <\/span><span style=\"font-size: 18px; color: var( --e-global-color-text ); font-family: var( --e-global-typography-text-font-family ), Sans-serif;\"><b>Engenharia Cl\u00ednica e Calibra\u00e7\u00e3o<\/b><\/span><span style=\"font-size: 18px; color: var( --e-global-color-text ); font-family: var( --e-global-typography-text-font-family ), Sans-serif; font-weight: var( --e-global-typography-text-font-weight );\"> de&nbsp;<\/span><span style=\"font-size: 18px; color: var( --e-global-color-text ); font-family: var( --e-global-typography-text-font-family ), Sans-serif; font-weight: var( --e-global-typography-text-font-weight );\">Equipamentos M\u00e9dicos no Brasil.<\/span><\/p>\t\t\t\t\t\t\t\t<\/div>\n\t\t\t\t<\/div>\n\t\t\t\t\t<\/div>\n\t\t<\/div>\n\t\t\t\t\t<\/div>\n\t\t<\/section>\n\t\t\t\t<section class=\"elementor-section elementor-top-section elementor-element elementor-element-3604aa4 elementor-section-boxed elementor-section-height-default elementor-section-height-default\" data-id=\"3604aa4\" data-element_type=\"section\" data-e-type=\"section\">\n\t\t\t\t\t\t<div class=\"elementor-container elementor-column-gap-default\">\n\t\t\t\t\t<div class=\"elementor-column elementor-col-33 elementor-top-column elementor-element elementor-element-ebbbfb7\" data-id=\"ebbbfb7\" data-element_type=\"column\" data-e-type=\"column\">\n\t\t\t<div class=\"elementor-widget-wrap elementor-element-populated\">\n\t\t\t\t\t\t<div class=\"elementor-element elementor-element-b5e79eb elementor-widget elementor-widget-image\" data-id=\"b5e79eb\" data-element_type=\"widget\" data-e-type=\"widget\" data-widget_type=\"image.default\">\n\t\t\t\t<div class=\"elementor-widget-container\">\n\t\t\t\t\t\t\t\t\t\t\t\t\t\t\t<img fetchpriority=\"high\" decoding=\"async\" width=\"300\" height=\"300\" src=\"https:\/\/www.formedical.com.br\/novo\/wp-content\/uploads\/2022\/06\/contec-simuladores-300x300.jpg\" class=\"attachment-medium size-medium wp-image-4804\" alt=\"Simuladores Contec\" srcset=\"https:\/\/www.formedical.com.br\/novo\/wp-content\/uploads\/2022\/06\/contec-simuladores.jpg 300w, https:\/\/www.formedical.com.br\/novo\/wp-content\/uploads\/2022\/06\/contec-simuladores-150x150.jpg 150w\" sizes=\"(max-width: 300px) 100vw, 300px\" \/>\t\t\t\t\t\t\t\t\t\t\t\t\t\t\t<\/div>\n\t\t\t\t<\/div>\n\t\t\t\t<div class=\"elementor-element elementor-element-0a0d637 elementor-widget elementor-widget-text-editor\" data-id=\"0a0d637\" data-element_type=\"widget\" data-e-type=\"widget\" data-widget_type=\"text-editor.default\">\n\t\t\t\t<div class=\"elementor-widget-container\">\n\t\t\t\t\t\t\t\t\t<p><a href=\"https:\/\/www.formedical.com.br\/novo\/simuladores-contec\/\" target=\"_blank\" rel=\"noopener\">Simuladores<\/a><\/p>\t\t\t\t\t\t\t\t<\/div>\n\t\t\t\t<\/div>\n\t\t\t\t\t<\/div>\n\t\t<\/div>\n\t\t\t\t<div class=\"elementor-column elementor-col-33 elementor-top-column elementor-element elementor-element-1976d18\" data-id=\"1976d18\" data-element_type=\"column\" data-e-type=\"column\">\n\t\t\t<div class=\"elementor-widget-wrap elementor-element-populated\">\n\t\t\t\t\t\t<div class=\"elementor-element elementor-element-69480c4 elementor-widget elementor-widget-image\" data-id=\"69480c4\" data-element_type=\"widget\" data-e-type=\"widget\" data-widget_type=\"image.default\">\n\t\t\t\t<div class=\"elementor-widget-container\">\n\t\t\t\t\t\t\t\t\t\t\t\t\t\t\t<img decoding=\"async\" width=\"300\" height=\"300\" src=\"https:\/\/www.formedical.com.br\/novo\/wp-content\/uploads\/2022\/06\/mapa-holter-spacelabs-300x300.jpg\" class=\"attachment-medium size-medium wp-image-4805\" alt=\"Mapa e Holter Spacelabs\" srcset=\"https:\/\/www.formedical.com.br\/novo\/wp-content\/uploads\/2022\/06\/mapa-holter-spacelabs.jpg 300w, https:\/\/www.formedical.com.br\/novo\/wp-content\/uploads\/2022\/06\/mapa-holter-spacelabs-150x150.jpg 150w\" sizes=\"(max-width: 300px) 100vw, 300px\" \/>\t\t\t\t\t\t\t\t\t\t\t\t\t\t\t<\/div>\n\t\t\t\t<\/div>\n\t\t\t\t<div class=\"elementor-element elementor-element-a8caf3f elementor-widget elementor-widget-text-editor\" data-id=\"a8caf3f\" data-element_type=\"widget\" data-e-type=\"widget\" data-widget_type=\"text-editor.default\">\n\t\t\t\t<div class=\"elementor-widget-container\">\n\t\t\t\t\t\t\t\t\t<p><a href=\"https:\/\/www.formedical.com.br\/novo\/equipamentos-para-cardiologia-mapa-e-holter\/#page-content\" target=\"_blank\">MAPA e Holter<\/a><br><\/p>\t\t\t\t\t\t\t\t<\/div>\n\t\t\t\t<\/div>\n\t\t\t\t\t<\/div>\n\t\t<\/div>\n\t\t\t\t<div class=\"elementor-column elementor-col-33 elementor-top-column elementor-element elementor-element-a6f8eea\" data-id=\"a6f8eea\" data-element_type=\"column\" data-e-type=\"column\">\n\t\t\t<div class=\"elementor-widget-wrap elementor-element-populated\">\n\t\t\t\t\t\t<div class=\"elementor-element elementor-element-1c011ea elementor-widget elementor-widget-image\" data-id=\"1c011ea\" data-element_type=\"widget\" data-e-type=\"widget\" data-widget_type=\"image.default\">\n\t\t\t\t<div class=\"elementor-widget-container\">\n\t\t\t\t\t\t\t\t\t\t\t\t\t\t\t<img decoding=\"async\" width=\"300\" height=\"300\" src=\"https:\/\/www.formedical.com.br\/novo\/wp-content\/uploads\/2022\/06\/mgc-diagnostics-300x300.jpg\" class=\"attachment-medium size-medium wp-image-4806\" alt=\"Analisadores de Gases e Ergoespirometria\" srcset=\"https:\/\/www.formedical.com.br\/novo\/wp-content\/uploads\/2022\/06\/mgc-diagnostics.jpg 300w, https:\/\/www.formedical.com.br\/novo\/wp-content\/uploads\/2022\/06\/mgc-diagnostics-150x150.jpg 150w\" sizes=\"(max-width: 300px) 100vw, 300px\" \/>\t\t\t\t\t\t\t\t\t\t\t\t\t\t\t<\/div>\n\t\t\t\t<\/div>\n\t\t\t\t<div class=\"elementor-element elementor-element-82c5431 elementor-widget elementor-widget-text-editor\" data-id=\"82c5431\" data-element_type=\"widget\" data-e-type=\"widget\" data-widget_type=\"text-editor.default\">\n\t\t\t\t<div class=\"elementor-widget-container\">\n\t\t\t\t\t\t\t\t\t<p><a href=\"https:\/\/www.formedical.com.br\/novo\/ergoespirometria-e-funcao-pulmonar-mgc-diagnostics\/\" target=\"_blank\" rel=\"noopener\">Fun\u00e7\u00e3o Pulmonar e Analisadores de Gases<\/a><\/p>\t\t\t\t\t\t\t\t<\/div>\n\t\t\t\t<\/div>\n\t\t\t\t\t<\/div>\n\t\t<\/div>\n\t\t\t\t\t<\/div>\n\t\t<\/section>\n\t\t\t\t<section class=\"elementor-section elementor-top-section elementor-element elementor-element-8123d69 elementor-section-boxed elementor-section-height-default elementor-section-height-default\" data-id=\"8123d69\" data-element_type=\"section\" data-e-type=\"section\">\n\t\t\t\t\t\t<div class=\"elementor-container elementor-column-gap-default\">\n\t\t\t\t\t<div class=\"elementor-column elementor-col-33 elementor-top-column elementor-element elementor-element-a79508e\" data-id=\"a79508e\" data-element_type=\"column\" data-e-type=\"column\">\n\t\t\t<div class=\"elementor-widget-wrap elementor-element-populated\">\n\t\t\t\t\t\t<div class=\"elementor-element elementor-element-ce6393f elementor-widget elementor-widget-image\" data-id=\"ce6393f\" data-element_type=\"widget\" data-e-type=\"widget\" data-widget_type=\"image.default\">\n\t\t\t\t<div class=\"elementor-widget-container\">\n\t\t\t\t\t\t\t\t\t\t\t\t\t\t\t<img loading=\"lazy\" decoding=\"async\" width=\"150\" height=\"150\" src=\"https:\/\/www.formedical.com.br\/novo\/wp-content\/uploads\/2024\/02\/vpadps-150x150.png\" class=\"attachment-thumbnail size-thumbnail wp-image-5616\" alt=\"\" \/>\t\t\t\t\t\t\t\t\t\t\t\t\t\t\t<\/div>\n\t\t\t\t<\/div>\n\t\t\t\t<div class=\"elementor-element elementor-element-e3c10eb elementor-widget elementor-widget-text-editor\" data-id=\"e3c10eb\" data-element_type=\"widget\" data-e-type=\"widget\" data-widget_type=\"text-editor.default\">\n\t\t\t\t<div class=\"elementor-widget-container\">\n\t\t\t\t\t\t\t\t\t<p><a href=\"https:\/\/www.formedical.com.br\/novo\/linhade-analisadores-datrend\/\">Analisadores Datrend<\/a><\/p>\t\t\t\t\t\t\t\t<\/div>\n\t\t\t\t<\/div>\n\t\t\t\t\t<\/div>\n\t\t<\/div>\n\t\t\t\t<div class=\"elementor-column elementor-col-33 elementor-top-column elementor-element elementor-element-d10503e\" data-id=\"d10503e\" data-element_type=\"column\" data-e-type=\"column\">\n\t\t\t<div class=\"elementor-widget-wrap elementor-element-populated\">\n\t\t\t\t\t\t<div class=\"elementor-element elementor-element-41a2117 elementor-widget elementor-widget-image\" data-id=\"41a2117\" data-element_type=\"widget\" data-e-type=\"widget\" data-widget_type=\"image.default\">\n\t\t\t\t<div class=\"elementor-widget-container\">\n\t\t\t\t\t\t\t\t\t\t\t\t\t\t\t<img decoding=\"async\" src=\"https:\/\/lode-ergometry.com\/wp-content\/uploads\/2023\/05\/960900-Corival-cpet-248x248-1.jpg\" title=\"\" alt=\"\" loading=\"lazy\" \/>\t\t\t\t\t\t\t\t\t\t\t\t\t\t\t<\/div>\n\t\t\t\t<\/div>\n\t\t\t\t<div class=\"elementor-element elementor-element-4062445 elementor-widget elementor-widget-text-editor\" data-id=\"4062445\" data-element_type=\"widget\" data-e-type=\"widget\" data-widget_type=\"text-editor.default\">\n\t\t\t\t<div class=\"elementor-widget-container\">\n\t\t\t\t\t\t\t\t\t<p><a href=\"https:\/\/www.formedical.com.br\/novo\/bicicletas-e-esteiras-lode-ergometry\/\">Erg\u00f4metros Lode<\/a><\/p>\t\t\t\t\t\t\t\t<\/div>\n\t\t\t\t<\/div>\n\t\t\t\t\t<\/div>\n\t\t<\/div>\n\t\t\t\t<div class=\"elementor-column elementor-col-33 elementor-top-column elementor-element elementor-element-4cc04e7\" data-id=\"4cc04e7\" data-element_type=\"column\" data-e-type=\"column\">\n\t\t\t<div class=\"elementor-widget-wrap elementor-element-populated\">\n\t\t\t\t\t\t<div class=\"elementor-element elementor-element-3101803 elementor-widget elementor-widget-image\" data-id=\"3101803\" data-element_type=\"widget\" data-e-type=\"widget\" data-widget_type=\"image.default\">\n\t\t\t\t<div class=\"elementor-widget-container\">\n\t\t\t\t\t\t\t\t\t\t\t\t\t\t\t<img loading=\"lazy\" decoding=\"async\" width=\"150\" height=\"150\" src=\"https:\/\/www.formedical.com.br\/novo\/wp-content\/uploads\/2024\/01\/DM20v_power-doppler-150x150.png\" class=\"attachment-thumbnail size-thumbnail wp-image-5556\" alt=\"\" srcset=\"https:\/\/www.formedical.com.br\/novo\/wp-content\/uploads\/2024\/01\/DM20v_power-doppler-150x150.png 150w, https:\/\/www.formedical.com.br\/novo\/wp-content\/uploads\/2024\/01\/DM20v_power-doppler-300x300.png 300w, https:\/\/www.formedical.com.br\/novo\/wp-content\/uploads\/2024\/01\/DM20v_power-doppler-1024x1024.png 1024w, https:\/\/www.formedical.com.br\/novo\/wp-content\/uploads\/2024\/01\/DM20v_power-doppler-768x768.png 768w, https:\/\/www.formedical.com.br\/novo\/wp-content\/uploads\/2024\/01\/DM20v_power-doppler.png 1080w\" sizes=\"(max-width: 150px) 100vw, 150px\" \/>\t\t\t\t\t\t\t\t\t\t\t\t\t\t\t<\/div>\n\t\t\t\t<\/div>\n\t\t\t\t<div class=\"elementor-element elementor-element-e8381e2 elementor-widget elementor-widget-text-editor\" data-id=\"e8381e2\" data-element_type=\"widget\" data-e-type=\"widget\" data-widget_type=\"text-editor.default\">\n\t\t\t\t<div class=\"elementor-widget-container\">\n\t\t\t\t\t\t\t\t\t<p><a href=\"https:\/\/www.formedical.com.br\/novo\/ultrassom-veterinario\/\">Ultrassom Veterin\u00e1rio<\/a><\/p>\t\t\t\t\t\t\t\t<\/div>\n\t\t\t\t<\/div>\n\t\t\t\t\t<\/div>\n\t\t<\/div>\n\t\t\t\t\t<\/div>\n\t\t<\/section>\n\t\t\t\t<section class=\"elementor-section elementor-top-section elementor-element elementor-element-f8725cb elementor-section-boxed elementor-section-height-default elementor-section-height-default\" data-id=\"f8725cb\" data-element_type=\"section\" data-e-type=\"section\">\n\t\t\t\t\t\t<div class=\"elementor-container elementor-column-gap-default\">\n\t\t\t\t\t<div class=\"elementor-column elementor-col-33 elementor-top-column elementor-element elementor-element-07ede75\" data-id=\"07ede75\" data-element_type=\"column\" data-e-type=\"column\">\n\t\t\t<div class=\"elementor-widget-wrap elementor-element-populated\">\n\t\t\t\t\t\t<div class=\"elementor-element elementor-element-dec6a84 elementor-widget elementor-widget-image\" data-id=\"dec6a84\" data-element_type=\"widget\" data-e-type=\"widget\" data-widget_type=\"image.default\">\n\t\t\t\t<div class=\"elementor-widget-container\">\n\t\t\t\t\t\t\t\t\t\t\t\t\t\t\t<img loading=\"lazy\" decoding=\"async\" width=\"150\" height=\"150\" src=\"https:\/\/www.formedical.com.br\/novo\/wp-content\/uploads\/2022\/06\/calibracao-equipamentos-medicos-150x150.jpg\" class=\"attachment-thumbnail size-thumbnail wp-image-4807\" alt=\"Calibra\u00e7\u00e3o de Equipamentos M\u00e9dicos\" srcset=\"https:\/\/www.formedical.com.br\/novo\/wp-content\/uploads\/2022\/06\/calibracao-equipamentos-medicos-150x150.jpg 150w, https:\/\/www.formedical.com.br\/novo\/wp-content\/uploads\/2022\/06\/calibracao-equipamentos-medicos.jpg 300w\" sizes=\"(max-width: 150px) 100vw, 150px\" \/>\t\t\t\t\t\t\t\t\t\t\t\t\t\t\t<\/div>\n\t\t\t\t<\/div>\n\t\t\t\t<div class=\"elementor-element elementor-element-2a4a19e elementor-widget elementor-widget-text-editor\" data-id=\"2a4a19e\" data-element_type=\"widget\" data-e-type=\"widget\" data-widget_type=\"text-editor.default\">\n\t\t\t\t<div class=\"elementor-widget-container\">\n\t\t\t\t\t\t\t\t\t<p><a href=\"https:\/\/www.formedical.com.br\/novo\/calibracao-de-equipamentos-medicos\/\" target=\"_blank\">Calibra\u00e7\u00e3o de Equipamentos M\u00e9dicos<\/a><br><\/p>\t\t\t\t\t\t\t\t<\/div>\n\t\t\t\t<\/div>\n\t\t\t\t\t<\/div>\n\t\t<\/div>\n\t\t\t\t<div class=\"elementor-column elementor-col-33 elementor-top-column elementor-element elementor-element-96eee4c\" data-id=\"96eee4c\" data-element_type=\"column\" data-e-type=\"column\">\n\t\t\t<div class=\"elementor-widget-wrap elementor-element-populated\">\n\t\t\t\t\t\t<div class=\"elementor-element elementor-element-5ede7fc elementor-widget elementor-widget-image\" data-id=\"5ede7fc\" data-element_type=\"widget\" data-e-type=\"widget\" data-widget_type=\"image.default\">\n\t\t\t\t<div class=\"elementor-widget-container\">\n\t\t\t\t\t\t\t\t\t\t\t\t\t\t\t<img loading=\"lazy\" decoding=\"async\" width=\"150\" height=\"150\" src=\"https:\/\/www.formedical.com.br\/novo\/wp-content\/uploads\/2022\/06\/assistencia-tecnica-formedical-150x150.jpg\" class=\"attachment-thumbnail size-thumbnail wp-image-4808\" alt=\"Assist\u00eancia T\u00e9cnica For Medical\" srcset=\"https:\/\/www.formedical.com.br\/novo\/wp-content\/uploads\/2022\/06\/assistencia-tecnica-formedical-150x150.jpg 150w, https:\/\/www.formedical.com.br\/novo\/wp-content\/uploads\/2022\/06\/assistencia-tecnica-formedical.jpg 300w\" sizes=\"(max-width: 150px) 100vw, 150px\" \/>\t\t\t\t\t\t\t\t\t\t\t\t\t\t\t<\/div>\n\t\t\t\t<\/div>\n\t\t\t\t<div class=\"elementor-element elementor-element-921180b elementor-widget elementor-widget-text-editor\" data-id=\"921180b\" data-element_type=\"widget\" data-e-type=\"widget\" data-widget_type=\"text-editor.default\">\n\t\t\t\t<div class=\"elementor-widget-container\">\n\t\t\t\t\t\t\t\t\t<p><a href=\"https:\/\/www.formedical.com.br\/novo\/assistencia-tecnica-for-medical\/\" target=\"_blank\">Assist\u00eancia T\u00e9cnica<\/a><br><\/p>\t\t\t\t\t\t\t\t<\/div>\n\t\t\t\t<\/div>\n\t\t\t\t\t<\/div>\n\t\t<\/div>\n\t\t\t\t<div class=\"elementor-column elementor-col-33 elementor-top-column elementor-element elementor-element-b4d2c6f\" data-id=\"b4d2c6f\" data-element_type=\"column\" data-e-type=\"column\">\n\t\t\t<div class=\"elementor-widget-wrap elementor-element-populated\">\n\t\t\t\t\t\t<div class=\"elementor-element elementor-element-ed426f9 elementor-widget elementor-widget-image\" data-id=\"ed426f9\" data-element_type=\"widget\" data-e-type=\"widget\" data-widget_type=\"image.default\">\n\t\t\t\t<div class=\"elementor-widget-container\">\n\t\t\t\t\t\t\t\t\t\t\t\t\t\t\t<img loading=\"lazy\" decoding=\"async\" width=\"150\" height=\"150\" src=\"https:\/\/www.formedical.com.br\/novo\/wp-content\/uploads\/2022\/06\/engenharia-clinica-150x150.jpg\" class=\"attachment-thumbnail size-thumbnail wp-image-4809\" alt=\"Engenharia Cl\u00ednica\" srcset=\"https:\/\/www.formedical.com.br\/novo\/wp-content\/uploads\/2022\/06\/engenharia-clinica-150x150.jpg 150w, https:\/\/www.formedical.com.br\/novo\/wp-content\/uploads\/2022\/06\/engenharia-clinica.jpg 300w\" sizes=\"(max-width: 150px) 100vw, 150px\" \/>\t\t\t\t\t\t\t\t\t\t\t\t\t\t\t<\/div>\n\t\t\t\t<\/div>\n\t\t\t\t<div class=\"elementor-element elementor-element-41b6083 elementor-widget elementor-widget-text-editor\" data-id=\"41b6083\" data-element_type=\"widget\" data-e-type=\"widget\" data-widget_type=\"text-editor.default\">\n\t\t\t\t<div class=\"elementor-widget-container\">\n\t\t\t\t\t\t\t\t\t<p><a href=\"https:\/\/www.formedical.com.br\/novo\/engenharia-clinica-for-medical-2\/\" target=\"_blank\" rel=\"noopener\">Engenharia Cl\u00ednica<\/a><\/p>\t\t\t\t\t\t\t\t<\/div>\n\t\t\t\t<\/div>\n\t\t\t\t\t<\/div>\n\t\t<\/div>\n\t\t\t\t\t<\/div>\n\t\t<\/section>\n\t\t\t\t<\/div>\n\t\t","protected":false},"excerpt":{"rendered":"<p>A For Medical est\u00e1 h\u00e1 3 d\u00e9cadas&nbsp;comercializando as Melhores Marcas de Equipamentos M\u00e9dicos Hospitalares e \u00e9 tamb\u00e9m&nbsp;pioneira em Engenharia Cl\u00ednica e Calibra\u00e7\u00e3o de&nbsp;Equipamentos M\u00e9dicos no Brasil. Simuladores MAPA e Holter Fun\u00e7\u00e3o Pulmonar e Analisadores de Gases Analisadores Datrend Erg\u00f4metros Lode Ultrassom Veterin\u00e1rio Calibra\u00e7\u00e3o de Equipamentos M\u00e9dicos Assist\u00eancia T\u00e9cnica Engenharia Cl\u00ednica<\/p>\n","protected":false},"author":1,"featured_media":0,"parent":0,"menu_order":0,"comment_status":"closed","ping_status":"closed","template":"","meta":{"footnotes":""},"class_list":["post-298","page","type-page","status-publish","hentry"],"aioseo_notices":[],"_links":{"self":[{"href":"https:\/\/www.formedical.com.br\/novo\/wp-json\/wp\/v2\/pages\/298","targetHints":{"allow":["GET"]}}],"collection":[{"href":"https:\/\/www.formedical.com.br\/novo\/wp-json\/wp\/v2\/pages"}],"about":[{"href":"https:\/\/www.formedical.com.br\/novo\/wp-json\/wp\/v2\/types\/page"}],"author":[{"embeddable":true,"href":"https:\/\/www.formedical.com.br\/novo\/wp-json\/wp\/v2\/users\/1"}],"replies":[{"embeddable":true,"href":"https:\/\/www.formedical.com.br\/novo\/wp-json\/wp\/v2\/comments?post=298"}],"version-history":[{"count":130,"href":"https:\/\/www.formedical.com.br\/novo\/wp-json\/wp\/v2\/pages\/298\/revisions"}],"predecessor-version":[{"id":6257,"href":"https:\/\/www.formedical.com.br\/novo\/wp-json\/wp\/v2\/pages\/298\/revisions\/6257"}],"wp:attachment":[{"href":"https:\/\/www.formedical.com.br\/novo\/wp-json\/wp\/v2\/media?parent=298"}],"curies":[{"name":"wp","href":"https:\/\/api.w.org\/{rel}","templated":true}]}}