{"id":4756,"date":"2022-05-06T15:20:42","date_gmt":"2022-05-06T18:20:42","guid":{"rendered":"https:\/\/www.formedical.com.br\/novo\/?page_id=4756"},"modified":"2025-06-19T11:32:16","modified_gmt":"2025-06-19T14:32:16","slug":"equipamentos-para-cardiologia-mapa-e-holter","status":"publish","type":"page","link":"https:\/\/www.formedical.com.br\/novo\/equipamentos-para-cardiologia-mapa-e-holter\/","title":{"rendered":"Equipamentos para Cardiologia Mapa e Holter"},"content":{"rendered":"\t\t<div data-elementor-type=\"wp-page\" data-elementor-id=\"4756\" class=\"elementor elementor-4756\">\n\t\t\t\t\t\t<section class=\"elementor-section elementor-top-section elementor-element elementor-element-fd78815 elementor-section-boxed elementor-section-height-default elementor-section-height-default\" data-id=\"fd78815\" data-element_type=\"section\" data-e-type=\"section\">\n\t\t\t\t\t\t<div class=\"elementor-container elementor-column-gap-default\">\n\t\t\t\t\t<div class=\"elementor-column elementor-col-100 elementor-top-column elementor-element elementor-element-016e3ab\" data-id=\"016e3ab\" data-element_type=\"column\" data-e-type=\"column\">\n\t\t\t<div class=\"elementor-widget-wrap elementor-element-populated\">\n\t\t\t\t\t\t<div class=\"elementor-element elementor-element-3cbebf8 elementor-widget elementor-widget-heading\" data-id=\"3cbebf8\" data-element_type=\"widget\" data-e-type=\"widget\" data-widget_type=\"heading.default\">\n\t\t\t\t<div class=\"elementor-widget-container\">\n\t\t\t\t\t<h2 class=\"elementor-heading-title elementor-size-default\">Equipamentos para Cardiologia - MAPA e Holter<\/h2>\t\t\t\t<\/div>\n\t\t\t\t<\/div>\n\t\t\t\t\t<\/div>\n\t\t<\/div>\n\t\t\t\t\t<\/div>\n\t\t<\/section>\n\t\t\t\t<section class=\"elementor-section elementor-top-section elementor-element elementor-element-49988f5 elementor-section-boxed elementor-section-height-default elementor-section-height-default\" data-id=\"49988f5\" data-element_type=\"section\" data-e-type=\"section\">\n\t\t\t\t\t\t<div class=\"elementor-container elementor-column-gap-default\">\n\t\t\t\t\t<div class=\"elementor-column elementor-col-100 elementor-top-column elementor-element elementor-element-e1fcd1e\" data-id=\"e1fcd1e\" data-element_type=\"column\" data-e-type=\"column\">\n\t\t\t<div class=\"elementor-widget-wrap elementor-element-populated\">\n\t\t\t\t\t\t<div class=\"elementor-element elementor-element-d02dfc4 elementor-widget elementor-widget-image\" data-id=\"d02dfc4\" data-element_type=\"widget\" data-e-type=\"widget\" data-widget_type=\"image.default\">\n\t\t\t\t<div class=\"elementor-widget-container\">\n\t\t\t\t\t\t\t\t\t\t\t\t\t\t\t\t<a href=\"https:\/\/www.formedical.com.br\/eclipse\/gravador-holter-eclipse-pro.html\">\n\t\t\t\t\t\t\t<img fetchpriority=\"high\" decoding=\"async\" width=\"1024\" height=\"576\" src=\"https:\/\/www.formedical.com.br\/novo\/wp-content\/uploads\/2024\/06\/BannerSite-1024x576.jpg\" class=\"attachment-large size-large wp-image-5972\" alt=\"\" srcset=\"https:\/\/www.formedical.com.br\/novo\/wp-content\/uploads\/2024\/06\/BannerSite-1024x576.jpg 1024w, https:\/\/www.formedical.com.br\/novo\/wp-content\/uploads\/2024\/06\/BannerSite-300x169.jpg 300w, https:\/\/www.formedical.com.br\/novo\/wp-content\/uploads\/2024\/06\/BannerSite-768x432.jpg 768w, https:\/\/www.formedical.com.br\/novo\/wp-content\/uploads\/2024\/06\/BannerSite-1536x864.jpg 1536w, https:\/\/www.formedical.com.br\/novo\/wp-content\/uploads\/2024\/06\/BannerSite.jpg 1920w\" sizes=\"(max-width: 1024px) 100vw, 1024px\" \/>\t\t\t\t\t\t\t\t<\/a>\n\t\t\t\t\t\t\t\t\t\t\t\t\t\t\t<\/div>\n\t\t\t\t<\/div>\n\t\t\t\t<div class=\"elementor-element elementor-element-e2dcd98 elementor-align-center elementor-widget elementor-widget-button\" data-id=\"e2dcd98\" data-element_type=\"widget\" data-e-type=\"widget\" data-widget_type=\"button.default\">\n\t\t\t\t<div class=\"elementor-widget-container\">\n\t\t\t\t\t\t\t\t\t<div class=\"elementor-button-wrapper\">\n\t\t\t\t\t<a class=\"elementor-button elementor-button-link elementor-size-sm\" href=\"https:\/\/www.formedical.com.br\/eclipse\/gravador-holter-eclipse-pro.html\">\n\t\t\t\t\t\t<span class=\"elementor-button-content-wrapper\">\n\t\t\t\t\t\t\t\t\t<span class=\"elementor-button-text\">Saiba mais<\/span>\n\t\t\t\t\t<\/span>\n\t\t\t\t\t<\/a>\n\t\t\t\t<\/div>\n\t\t\t\t\t\t\t\t<\/div>\n\t\t\t\t<\/div>\n\t\t\t\t\t<\/div>\n\t\t<\/div>\n\t\t\t\t\t<\/div>\n\t\t<\/section>\n\t\t\t\t<section class=\"elementor-section elementor-top-section elementor-element elementor-element-73b5009 elementor-section-boxed elementor-section-height-default elementor-section-height-default\" data-id=\"73b5009\" data-element_type=\"section\" data-e-type=\"section\">\n\t\t\t\t\t\t<div class=\"elementor-container elementor-column-gap-default\">\n\t\t\t\t\t<div class=\"elementor-column elementor-col-100 elementor-top-column elementor-element elementor-element-0107789\" data-id=\"0107789\" data-element_type=\"column\" data-e-type=\"column\">\n\t\t\t<div class=\"elementor-widget-wrap elementor-element-populated\">\n\t\t\t\t\t\t<div class=\"elementor-element elementor-element-9ae5040 elementor-widget elementor-widget-image\" data-id=\"9ae5040\" data-element_type=\"widget\" data-e-type=\"widget\" data-widget_type=\"image.default\">\n\t\t\t\t<div class=\"elementor-widget-container\">\n\t\t\t\t\t\t\t\t\t\t\t\t\t\t\t<img decoding=\"async\" width=\"300\" height=\"300\" src=\"https:\/\/www.formedical.com.br\/novo\/wp-content\/uploads\/2020\/11\/mapa-ontrak-spacelabs-300x300.png\" class=\"attachment-medium size-medium wp-image-3250\" alt=\"Ontrak MAPA Spacelabs\" srcset=\"https:\/\/www.formedical.com.br\/novo\/wp-content\/uploads\/2020\/11\/mapa-ontrak-spacelabs-300x300.png 300w, https:\/\/www.formedical.com.br\/novo\/wp-content\/uploads\/2020\/11\/mapa-ontrak-spacelabs-150x150.png 150w, https:\/\/www.formedical.com.br\/novo\/wp-content\/uploads\/2020\/11\/mapa-ontrak-spacelabs-250x250.png 250w, https:\/\/www.formedical.com.br\/novo\/wp-content\/uploads\/2020\/11\/mapa-ontrak-spacelabs-174x174.png 174w, https:\/\/www.formedical.com.br\/novo\/wp-content\/uploads\/2020\/11\/mapa-ontrak-spacelabs.png 400w\" sizes=\"(max-width: 300px) 100vw, 300px\" \/>\t\t\t\t\t\t\t\t\t\t\t\t\t\t\t<\/div>\n\t\t\t\t<\/div>\n\t\t\t\t<div class=\"elementor-element elementor-element-4c7df2d elementor-widget elementor-widget-text-editor\" data-id=\"4c7df2d\" data-element_type=\"widget\" data-e-type=\"widget\" data-widget_type=\"text-editor.default\">\n\t\t\t\t<div class=\"elementor-widget-container\">\n\t\t\t\t\t\t\t\t\t<p>H\u00e1 mais de 20 anos a For Medical comercializa o Monitor Ambulatorial de Press\u00e3o Arterial \u2013 M.A.P.A da Spacelabs, este equipamento \u00e9 um dos monitores mais compactos, robusto e leves do mercado e possui um avan\u00e7ado software de gera\u00e7\u00e3o de relat\u00f3rios que permite uma an\u00e1lise r\u00e1pida e precisa dos exames economizando tempo.<\/p><p>Sua precis\u00e3o inigual\u00e1vel e o baixo ind\u00edce de erros durante a leitura faz do MAPA da Spacelabs ser classificado como GOLD STANDARD.<\/p><p>Centenas de estudos publicados confirmam o uso confi\u00e1vel do MAPA da Spacelabs em popula\u00e7\u00f5es pedi\u00e1tricas, adolescentes, adultos e idosos. O uso bem sucedido tamb\u00e9m foi documentado em popula\u00e7\u00f5es de diab\u00e9ticos, gr\u00e1vidas, renais e transplantes.<\/p><p>A sua precis\u00e3o foi validada por organiza\u00e7\u00f5es oficiais nos EUA, Reino Unido, Fran\u00e7a e Alemanha.<\/p><p>Usado por m\u00e9dicos conceituados nos departamentos de: Farmacologia, Laborat\u00f3rios de Pesquisas e Hospitais de Grande Porte, assim como em pesquisas apresentadas nos Congressos de Cardiologia, o Monitor Ambulatorial da Spacelabs continua sendo o favorito para diagn\u00f3sticos e pesquisas com dados Seguros e Precisos.<\/p>\t\t\t\t\t\t\t\t<\/div>\n\t\t\t\t<\/div>\n\t\t\t\t<div class=\"elementor-element elementor-element-1939732 elementor-align-center elementor-widget elementor-widget-button\" data-id=\"1939732\" data-element_type=\"widget\" data-e-type=\"widget\" data-widget_type=\"button.default\">\n\t\t\t\t<div class=\"elementor-widget-container\">\n\t\t\t\t\t\t\t\t\t<div class=\"elementor-button-wrapper\">\n\t\t\t\t\t<a class=\"elementor-button elementor-button-link elementor-size-sm\" href=\"https:\/\/www.formedical.com.br\/novo\/monitor-ambulatorial-de-pressao-arterial-spacelabs-healthcare\/\">\n\t\t\t\t\t\t<span class=\"elementor-button-content-wrapper\">\n\t\t\t\t\t\t\t\t\t<span class=\"elementor-button-text\">Saiba mais<\/span>\n\t\t\t\t\t<\/span>\n\t\t\t\t\t<\/a>\n\t\t\t\t<\/div>\n\t\t\t\t\t\t\t\t<\/div>\n\t\t\t\t<\/div>\n\t\t\t\t\t<\/div>\n\t\t<\/div>\n\t\t\t\t\t<\/div>\n\t\t<\/section>\n\t\t\t\t<\/div>\n\t\t","protected":false},"excerpt":{"rendered":"<p>Equipamentos para Cardiologia &#8211; MAPA e Holter Saiba mais H\u00e1 mais de 20 anos a For Medical comercializa o Monitor Ambulatorial de Press\u00e3o Arterial \u2013 M.A.P.A da Spacelabs, este equipamento \u00e9 um dos monitores mais compactos, robusto e leves do mercado e possui um avan\u00e7ado software de gera\u00e7\u00e3o de relat\u00f3rios que permite uma an\u00e1lise r\u00e1pida&hellip; <br \/> <a class=\"button small blue\" href=\"https:\/\/www.formedical.com.br\/novo\/equipamentos-para-cardiologia-mapa-e-holter\/\">Leia mais<\/a><\/p>\n","protected":false},"author":1,"featured_media":0,"parent":0,"menu_order":0,"comment_status":"closed","ping_status":"closed","template":"","meta":{"footnotes":""},"class_list":["post-4756","page","type-page","status-publish","hentry"],"aioseo_notices":[],"_links":{"self":[{"href":"https:\/\/www.formedical.com.br\/novo\/wp-json\/wp\/v2\/pages\/4756","targetHints":{"allow":["GET"]}}],"collection":[{"href":"https:\/\/www.formedical.com.br\/novo\/wp-json\/wp\/v2\/pages"}],"about":[{"href":"https:\/\/www.formedical.com.br\/novo\/wp-json\/wp\/v2\/types\/page"}],"author":[{"embeddable":true,"href":"https:\/\/www.formedical.com.br\/novo\/wp-json\/wp\/v2\/users\/1"}],"replies":[{"embeddable":true,"href":"https:\/\/www.formedical.com.br\/novo\/wp-json\/wp\/v2\/comments?post=4756"}],"version-history":[{"count":22,"href":"https:\/\/www.formedical.com.br\/novo\/wp-json\/wp\/v2\/pages\/4756\/revisions"}],"predecessor-version":[{"id":6206,"href":"https:\/\/www.formedical.com.br\/novo\/wp-json\/wp\/v2\/pages\/4756\/revisions\/6206"}],"wp:attachment":[{"href":"https:\/\/www.formedical.com.br\/novo\/wp-json\/wp\/v2\/media?parent=4756"}],"curies":[{"name":"wp","href":"https:\/\/api.w.org\/{rel}","templated":true}]}}